{"id":7788,"date":"2017-02-19T10:30:25","date_gmt":"2017-02-19T10:30:25","guid":{"rendered":"http:\/\/themicart.com\/test1\/?page_id=7788"},"modified":"2025-12-04T10:30:54","modified_gmt":"2025-12-04T13:30:54","slug":"home-1","status":"publish","type":"page","link":"https:\/\/institutoklingelfus.com.br\/","title":{"rendered":"Front Page"},"content":{"rendered":"<section class=\"wpb-content-wrapper\"><p>[vc_row full_width=&#8221;stretch_row&#8221; equal_height=&#8221;yes&#8221; content_placement=&#8221;middle&#8221; css=&#8221;.vc_custom_1723688452573{margin-top: 30px !important;padding-bottom: 70px !important;background-image: url(https:\/\/themicart.com\/interico-wpb\/wp-content\/uploads\/2018\/03\/bg.png?id=9170) !important;background-position: 0 0 !important;background-repeat: repeat !important;}&#8221; el_class=&#8221;overlapped&#8221;][vc_column css=&#8221;.vc_custom_1723687564354{margin-top: 0px !important;margin-right: 1px !important;margin-bottom: 0px !important;}&#8221;][vc_column_text]<\/p>\n<h2 style=\"text-align: center;\"><strong>Somos uma cl\u00ednica oftalmol\u00f3gica que une tecnologia, expertise t\u00e9cnica e conex\u00e3o humana.<\/strong><\/h2>\n<p>[\/vc_column_text]<p class=\"text-center\"><a href=\"https:\/\/wa.me\/5511991515995\" class=\"btn btn-primary arrow-right\"><span>Agende sua consulta<\/span><\/a><\/p>[\/vc_column][\/vc_row][vc_row full_width=&#8221;stretch_row&#8221; css=&#8221;.vc_custom_1536744539590{background: #f5f5f5 url(https:\/\/themicart.com\/interico-wpb\/wp-content\/uploads\/2018\/03\/bg.png?id=9170) !important;background-position: 0 0 !important;background-repeat: repeat !important;}&#8221; el_class=&#8221;spaced&#8221;][vc_column css=&#8221;.vc_custom_1536744548657{padding-top: 0px !important;}&#8221;][vc_row_inner css=&#8221;.vc_custom_1537521392447{margin-top: 60px !important;}&#8221;][vc_column_inner el_class=&#8221;animate&#8221; width=&#8221;1\/3&#8243;][vc_column_text]<\/p>\n<h3>Equipamentos de alta precis\u00e3o<\/h3>\n<p>[\/vc_column_text]<div class=\"dash style-gray default\"><\/div>[vc_column_text]A mesma tecnologia avan\u00e7ada dos renomados centros internacionais.[\/vc_column_text][\/vc_column_inner][vc_column_inner el_class=&#8221;animate animate-1&#8243; width=&#8221;1\/3&#8243;][vc_column_text]<\/p>\n<h3>M\u00e9dicos especialistas<\/h3>\n<p>[\/vc_column_text]<div class=\"dash style-gray default\"><\/div>[vc_column_text]Oftalmologistas para cuidar da preven\u00e7\u00e3o, diagn\u00f3stico e tratamento da sua sa\u00fade ocular.[\/vc_column_text][\/vc_column_inner][vc_column_inner width=&#8221;1\/3&#8243;][vc_column_text]<\/p>\n<div class=\"wpb_text_column wpb_content_element \">\n<div class=\"wpb_wrapper\">\n<h3>Atendimento humanizado<\/h3>\n<\/div>\n<\/div>\n<p>[\/vc_column_text]<div class=\"dash style-gray default\"><\/div>[vc_column_text]Da recep\u00e7\u00e3o ao acompanhamento, queremos que voc\u00ea se sinta em casa.[\/vc_column_text][\/vc_column_inner][\/vc_row_inner][\/vc_column][\/vc_row][vc_row full_width=&#8221;stretch_row&#8221; gap=&#8221;15&#8243; css=&#8221;.vc_custom_1536755124299{margin-top: 100px !important;margin-bottom: 100px !important;}&#8221; el_class=&#8221;mobile-full&#8221;][vc_column width=&#8221;1\/2&#8243; el_class=&#8221;animate&#8221;][vc_single_image image=&#8221;13560&#8243; alignment=&#8221;center&#8221; onclick=&#8221;img_link_large&#8221; css=&#8221;.vc_custom_1723690375768{margin-bottom: 0px !important;}&#8221;][\/vc_column][vc_column width=&#8221;1\/2&#8243; el_class=&#8221;animate animate-1&#8243;][vc_row_inner el_class=&#8221;overlap-left&#8221;][vc_column_inner el_class=&#8221;shadow-box&#8221;]<span style=\"color:#004d7e\" class=\"subtitle dash-false style-dark text-default\">Aqui temos<\/span>[vc_column_text]<\/p>\n<h2><strong>Um m\u00e9dico, um amigo.<\/strong><\/h2>\n<p>Queremos te escutar e, juntos, encontrar a melhor solu\u00e7\u00e3o. Acreditamos na preven\u00e7\u00e3o e no acompanhamento, como forma de adequar o melhor momento para indica\u00e7\u00e3o cir\u00fargica. Somos especialistas em catarata, glaucoma, retinopatias e refrativa.[\/vc_column_text][vc_column_text][\/vc_column_text][\/vc_column_inner][\/vc_row_inner][\/vc_column][\/vc_row][vc_row full_width=&#8221;stretch_row&#8221; css=&#8221;.vc_custom_1723691028142{background-image: url(http:\/\/institutoklingelfus.com.br\/wp-content\/uploads\/2018\/10\/vertical-grid-5.png?id=12972) !important;background-position: 0 0 !important;background-repeat: repeat !important;}&#8221; el_class=&#8221;spaced&#8221;][vc_column][vc_column_text el_id=&#8221;nossosdoutores&#8221;]<\/p>\n<h2>Nossos doutores<\/h2>\n<p>[\/vc_column_text][vc_row_inner css=&#8221;.vc_custom_1537521399254{margin-top: 50px !important;}&#8221;][vc_column_inner el_class=&#8221;animate&#8221; width=&#8221;1\/4&#8243;]<div class=\"team-member light\"><div class=\"content-box\"><div class=\"image-container\"><div class=\"member-details\"><hr><span class=\"member-info\">Idealizador do Instituto Klingelfus. M\u00e9dico oftalmologista, chefe do Setor de Catarata da Santa Casa de S\u00e3o Paulo, especialista em glaucoma pela Santa Casa de S\u00e3o Paulo, doutor em Ci\u00eancias M\u00e9dicas pela Faculdade de Medicina da USP com fellowship no Opthalmic Consultants of Boston e Harvard Medichal School. CRM: 86.458<\/span><hr><\/div><div class=\"side-overlay\"><\/div><div class=\"vertical-number-box\"><span class=\"vertical-number\">M\u00e9dico<\/span><\/div><img decoding=\"async\" src=\"https:\/\/institutoklingelfus.com.br\/wp-content\/uploads\/2024\/08\/Doutor_02.jpg\" alt=\"Renato Klingelfus Pinheiro\"><\/div><div class=\"content-box-info\"><h4>Renato Klingelfus Pinheiro<\/h4><\/div><\/div><\/div>[\/vc_column_inner][vc_column_inner el_class=&#8221;animate animate-1&#8243; width=&#8221;1\/4&#8243;]<div class=\"team-member light\"><div class=\"content-box\"><div class=\"image-container\"><div class=\"member-details\"><hr><span class=\"member-info\">M\u00e9dico oftalmologista, assistente do setor de retina e v\u00edtreo da Santa Casa de S\u00e3o Paulo. Faculdade de Medicina de Mar\u00edlia Universidade de Mogi das Cruzes Faculdade de Ci\u00eancias M\u00e9dicas da Santa Casa de SP CRM: 111.866<\/span><hr><\/div><div class=\"side-overlay\"><\/div><div class=\"vertical-number-box\"><span class=\"vertical-number\">M\u00e9dico<\/span><\/div><img decoding=\"async\" src=\"https:\/\/institutoklingelfus.com.br\/wp-content\/uploads\/2024\/08\/Doutor_03.jpg\" alt=\"Farid Andr\u00e9 Jo\u00e3o Filho\"><\/div><div class=\"content-box-info\"><h4>Farid Andr\u00e9 Jo\u00e3o Filho<\/h4><\/div><\/div><\/div>[\/vc_column_inner][vc_column_inner el_class=&#8221;animate animate-2&#8243; width=&#8221;1\/4&#8243;]<div class=\"team-member light\"><div class=\"content-box\"><div class=\"image-container\"><div class=\"member-details\"><hr><span class=\"member-info\">Formada pela Universidade de Santo Amaro, com Resid\u00eancia em Oftalmologia pela Santa Casa de S\u00e3o Paulo e Fellowship em Estrabismo e Oftalmopediatria pelo Banco de Olhos de Sorocaba (BOS). Possui T\u00edtulo de Especialista em Oftalmologia pelo Conselho Brasileiro de Oftalmologia. Atua nas \u00e1reas de Estrabismo cl\u00ednico e cir\u00fargico, Oftalmopediatria e Oftalmologia Geral. CRM: 208007.<\/span><hr><\/div><div class=\"side-overlay\"><\/div><div class=\"vertical-number-box\"><span class=\"vertical-number\">M\u00e9dica<\/span><\/div><img decoding=\"async\" src=\"https:\/\/institutoklingelfus.com.br\/wp-content\/uploads\/2025\/05\/DRA_JU_001.jpg\" alt=\"Julia Rosenblatt\"><\/div><div class=\"content-box-info\"><h4>Julia Rosenblatt<\/h4><\/div><\/div><\/div>[\/vc_column_inner][vc_column_inner width=&#8221;1\/4&#8243;]<div class=\"team-member light\"><div class=\"content-box\"><div class=\"image-container\"><div class=\"member-details\"><hr><span class=\"member-info\">Formada pela Universidade Cat\u00f3lica de Salvador, com Especializa\u00e7\u00e3o em Oftalmologia pela Santa Casa de S\u00e3o Paulo e T\u00edtulo de Especialista pelo Conselho Brasileiro de Oftalmologia. Atua\u00e7\u00e3o na \u00e1rea de vis\u00e3o subnormal pelo Hospital das Cl\u00ednicas da USP. CRM: 16456.<\/span><hr><\/div><div class=\"side-overlay\"><\/div><div class=\"vertical-number-box\"><span class=\"vertical-number\">M\u00e9dica<\/span><\/div><img decoding=\"async\" src=\"https:\/\/institutoklingelfus.com.br\/wp-content\/uploads\/2025\/05\/DRA_VAL_003.jpg\" alt=\"Valdete Maia Fraga\"><\/div><div class=\"content-box-info\"><h4>Valdete Maia Fraga<\/h4><\/div><\/div><\/div>[\/vc_column_inner][\/vc_row_inner][\/vc_column][vc_column css=&#8221;.vc_custom_1764731223825{margin-top: 120px !important;}&#8221;][vc_row_inner][vc_column_inner][\/vc_column_inner][\/vc_row_inner][\/vc_column][\/vc_row][vc_row css=&#8221;.vc_custom_1764733332666{margin-top: 120px !important;background-image: url(http:\/\/institutoklingelfus.com.br\/wp-content\/uploads\/2018\/10\/bg-dotted.png?id=12997) !important;background-position: 0 0 !important;background-repeat: repeat !important;}&#8221;][vc_column el_class=&#8221;animate&#8221;][vc_column_text css=&#8221;.vc_custom_1764732122975{margin-bottom: 30px !important;padding-bottom: 10px !important;}&#8221;]<\/p>\n<h2>Exame<\/h2>\n<p>[\/vc_column_text][vc_column_text css=&#8221;.vc_custom_1764854813611{margin-bottom: 30px !important;padding-bottom: 10px !important;}&#8221;]No Instituto Klingelfus, cada exame \u00e9 um passo crucial para a sa\u00fade dos seus olhos. Combinamos tecnologia de ponta com a expertise de nossos oftalmologistas para diagn\u00f3sticos precisos e detalhados. Realizamos cada avalia\u00e7\u00e3o com aten\u00e7\u00e3o e cuidado humano, explicando tudo de forma clara para que voc\u00ea compreenda sua condi\u00e7\u00e3o e receba o tratamento mais adequado e personalizado.[\/vc_column_text][vc_media_grid style=&#8221;load-more&#8221; items_per_page=&#8221;4&#8243; element_width=&#8221;3&#8243; gap=&#8221;10&#8243; grid_id=&#8221;vc_gid:1764854789067-2023299a88a480e2aee65f3be89c1d9a-3&#8243; include=&#8221;13657,13658,13659,13660,13661&#8243;][\/vc_column][\/vc_row][vc_row css=&#8221;.vc_custom_1764733390087{margin-top: 120px !important;background-image: url(http:\/\/institutoklingelfus.com.br\/wp-content\/uploads\/2018\/10\/bg-dotted.png?id=12997) !important;background-position: 0 0 !important;background-repeat: repeat !important;}&#8221;][vc_column el_class=&#8221;animate&#8221;][vc_column_text css=&#8221;.vc_custom_1764733460155{margin-bottom: 30px !important;padding-bottom: 10px !important;}&#8221;]<\/p>\n<h2>Equipe de atendimento<\/h2>\n<p>[\/vc_column_text][vc_column_text css=&#8221;.vc_custom_1764854834296{margin-bottom: 30px !important;padding-bottom: 10px !important;}&#8221;]No Instituto Klingelfus, a sua experi\u00eancia come\u00e7a com um acolhimento especial. Nossa Equipe de Atendimento \u00e9 o elo fundamental da nossa conex\u00e3o humana, dedicada a tornar cada intera\u00e7\u00e3o tranquila e informativa.<\/p>\n<p>Com expertise t\u00e9cnica em nossos processos e sistemas, nossos profissionais s\u00e3o cuidadosamente treinados para orientar voc\u00ea em cada etapa, desde o agendamento at\u00e9 os detalhes da sua consulta ou exame.[\/vc_column_text][vc_media_grid element_width=&#8221;3&#8243; gap=&#8221;10&#8243; grid_id=&#8221;vc_gid:1764854789083-d7601b3a6e9ea56566229ec9cd67b178-1&#8243; include=&#8221;13663,13664,13665,13666&#8243;][\/vc_column][\/vc_row][vc_row css=&#8221;.vc_custom_1764733390087{margin-top: 120px !important;background-image: url(http:\/\/institutoklingelfus.com.br\/wp-content\/uploads\/2018\/10\/bg-dotted.png?id=12997) !important;background-position: 0 0 !important;background-repeat: repeat !important;}&#8221;][vc_column el_class=&#8221;animate&#8221;][vc_column_text css=&#8221;.vc_custom_1764854869998{margin-bottom: 30px !important;padding-bottom: 10px !important;}&#8221;]<\/p>\n<h2>Senso de limpeza<\/h2>\n<p>[\/vc_column_text][vc_column_text css=&#8221;.vc_custom_1764854858732{margin-bottom: 30px !important;padding-bottom: 10px !important;}&#8221;]Cada ambiente da cl\u00ednica, desde a recep\u00e7\u00e3o \u00e0s salas de exame e consult\u00f3rios, \u00e9 mantido com os mais altos padr\u00f5es de higiene. Utilizamos protocolos e tecnologias avan\u00e7adas de desinfec\u00e7\u00e3o e esteriliza\u00e7\u00e3o para todos os nossos equipamentos, garantindo um ambiente impec\u00e1vel e seguro para voc\u00ea a cada visita.<\/p>\n<p>Acreditamos que um espa\u00e7o acolhedor e higienizado \u00e9 essencial para proporcionar a tranquilidade e a confian\u00e7a que voc\u00ea merece. \u00c9 a nossa maneira de demonstrar a conex\u00e3o humana e o cuidado que temos em cada detalhe da sua jornada conosco.[\/vc_column_text][vc_media_grid element_width=&#8221;3&#8243; gap=&#8221;10&#8243; grid_id=&#8221;vc_gid:1764854789099-72a7084158b291a74687349c974204b7-10&#8243; include=&#8221;13667,13668,13669,13670&#8243;][\/vc_column][\/vc_row][vc_row css=&#8221;.vc_custom_1764733390087{margin-top: 120px !important;background-image: url(http:\/\/institutoklingelfus.com.br\/wp-content\/uploads\/2018\/10\/bg-dotted.png?id=12997) !important;background-position: 0 0 !important;background-repeat: repeat !important;}&#8221;][vc_column el_class=&#8221;animate&#8221;][vc_column_text css=&#8221;.vc_custom_1764733676057{margin-bottom: 30px !important;padding-bottom: 10px !important;}&#8221;]<\/p>\n<h2>SEIKETSU \u2013 Senso de Padroniza\u00e7\u00e3o e Sa\u00fade<\/h2>\n<p>[\/vc_column_text][vc_column_text css=&#8221;.vc_custom_1764854951598{margin-bottom: 30px !important;padding-bottom: 10px !important;}&#8221;]No Instituto Klingelfus, o SEIKETSU \u00e9 essencial, garantindo qualidade e seguran\u00e7a. Padronizamos rigorosamente protocolos cl\u00ednicos, o uso de tecnologia e padr\u00f5es de higiene. Isso assegura diagn\u00f3sticos precisos e tratamentos consistentes. Nosso compromisso otimiza a expertise t\u00e9cnica e fortalece a conex\u00e3o humana. Assim, oferecemos um ambiente sempre organizado, limpo e saud\u00e1vel, nossa firme garantia de cuidado excepcional \u00e0 sua vis\u00e3o.[\/vc_column_text][vc_media_grid style=&#8221;load-more&#8221; items_per_page=&#8221;4&#8243; element_width=&#8221;3&#8243; gap=&#8221;10&#8243; grid_id=&#8221;vc_gid:1764854789121-d77a1fbe12ef08c999fb5e0848133dc0-2&#8243; include=&#8221;13673,13674,13675,13676,13677&#8243;][\/vc_column][\/vc_row][vc_row css=&#8221;.vc_custom_1764733390087{margin-top: 120px !important;background-image: url(http:\/\/institutoklingelfus.com.br\/wp-content\/uploads\/2018\/10\/bg-dotted.png?id=12997) !important;background-position: 0 0 !important;background-repeat: repeat !important;}&#8221;][vc_column el_class=&#8221;animate&#8221;][vc_column_text css=&#8221;.vc_custom_1764733666448{margin-bottom: 30px !important;padding-bottom: 10px !important;}&#8221;]<\/p>\n<h2>Nosso administrativo<\/h2>\n<p>[\/vc_column_text][vc_column_text css=&#8221;.vc_custom_1764855010388{margin-bottom: 30px !important;padding-bottom: 10px !important;}&#8221;]No Instituto Klingelfus, nosso administrativo \u00e9 a espinha dorsal, onde tecnologia, expertise t\u00e9cnica e conex\u00e3o humana se unem. Nossos profissionais dedicados gerenciam com maestria agendamentos, finan\u00e7as e processos internos, utilizando sistemas modernos para efici\u00eancia m\u00e1xima. Isso permite \u00e0 equipe m\u00e9dica focar 100% na sua sa\u00fade ocular. Cada detalhe \u00e9 planejado para sua tranquilidade e conforto. Refletimos nosso cuidado e suporte em cada etapa da jornada, garantindo uma experi\u00eancia impec\u00e1vel desde o primeiro contato.[\/vc_column_text][vc_media_grid element_width=&#8221;3&#8243; gap=&#8221;10&#8243; grid_id=&#8221;vc_gid:1764854789139-49b33465fe60a7ce1fc04a3289e73816-1&#8243; include=&#8221;13679,13680&#8243;][\/vc_column][\/vc_row][vc_row css=&#8221;.vc_custom_1764733390087{margin-top: 120px !important;background-image: url(http:\/\/institutoklingelfus.com.br\/wp-content\/uploads\/2018\/10\/bg-dotted.png?id=12997) !important;background-position: 0 0 !important;background-repeat: repeat !important;}&#8221;][vc_column el_class=&#8221;animate&#8221;][vc_column_text css=&#8221;.vc_custom_1764733711287{margin-bottom: 30px !important;padding-bottom: 10px !important;}&#8221;]<\/p>\n<h2>Nossos consult\u00f3rios<\/h2>\n<p>[\/vc_column_text][vc_column_text css=&#8221;.vc_custom_1764855030143{margin-bottom: 30px !important;padding-bottom: 10px !important;}&#8221;]Nossos consult\u00f3rios s\u00e3o o ponto de encontro da tecnologia avan\u00e7ada e da expertise t\u00e9cnica do Instituto Klingelfus. Projetados para seu total conforto e privacidade, cada espa\u00e7o \u00e9 otimizado para diagn\u00f3sticos precisos e eficazes. Mais que equipamentos, oferecemos um ambiente onde a conex\u00e3o humana \u00e9 prioridade, permitindo um di\u00e1logo aberto e acolhedor. Sua sa\u00fade ocular \u00e9 nossa miss\u00e3o, e aqui, voc\u00ea encontra o cuidado detalhado e personalizado que merece, em um espa\u00e7o feito para sua tranquilidade e clareza.[\/vc_column_text][vc_media_grid element_width=&#8221;3&#8243; gap=&#8221;10&#8243; grid_id=&#8221;vc_gid:1764854789158-eacb691c455f8ff10f8605974db13d44-5&#8243; include=&#8221;13682,13683,13684&#8243;][\/vc_column][\/vc_row][vc_row css=&#8221;.vc_custom_1764733836535{margin-top: 120px !important;margin-bottom: 120px !important;background-image: url(http:\/\/institutoklingelfus.com.br\/wp-content\/uploads\/2018\/10\/bg-dotted.png?id=12997) !important;background-position: 0 0 !important;background-repeat: repeat !important;}&#8221;][vc_column el_class=&#8221;animate&#8221;][vc_column_text css=&#8221;.vc_custom_1764733758868{margin-bottom: 30px !important;padding-bottom: 10px !important;}&#8221;]<\/p>\n<h2>Equipe anest\u00e9sica<\/h2>\n<p>[\/vc_column_text][vc_column_text css=&#8221;.vc_custom_1764855045952{margin-bottom: 30px !important;padding-bottom: 10px !important;}&#8221;]No Instituto Klingelfus, nossa Equipe Anest\u00e9sica garante sua seguran\u00e7a. Com tecnologia avan\u00e7ada e expertise t\u00e9cnica de profissionais dedicados, asseguramos procedimentos tranquilos. A conex\u00e3o humana \u00e9 essencial: estamos ao seu lado, explicando cada passo para sua total confian\u00e7a. Nosso foco \u00e9 minimizar ansiedade, personalizar o cuidado e proporcionar uma experi\u00eancia segura e serena. Cuidamos de voc\u00ea, para que se concentre apenas na recupera\u00e7\u00e3o visual com m\u00e1xima tranquilidade e suporte.[\/vc_column_text][vc_media_grid element_width=&#8221;3&#8243; gap=&#8221;10&#8243; grid_id=&#8221;vc_gid:1764854789177-2888d4f25d74eab492fe4836fafad9b8-10&#8243; include=&#8221;13685&#8243;][\/vc_column][\/vc_row][vc_row css=&#8221;.vc_custom_1538400770160{background-image: url(http:\/\/institutoklingelfus.com.br\/wp-content\/uploads\/2018\/10\/bg-dotted.png?id=12997) !important;background-position: 0 0 !important;background-repeat: repeat !important;}&#8221;][vc_column el_class=&#8221;animate&#8221;][vc_column_text css=&#8221;.vc_custom_1723729419462{margin-top: 0px !important;margin-bottom: 0px !important;}&#8221;]<\/p>\n<h2>Depoimentos<\/h2>\n<p>[\/vc_column_text]<section id=\"testimonials\" class=\"dark\"><div class=\"carousel-light\"><div class=\"row\"><div class=\"col-md-12\"><h2 class=\"section-title\"><\/h2><div class=\"divider-light\"><\/div><\/div><\/div><div class=\"row\"><div id=\"testimonial-carousel\" class=\"carousel\"><div class=\"col-md-6\"><div class=\"testimonial image-left testimonial-light\"><div class=\"content-box\"><div class=\"content-box-info\"><div class=\"profile\"><img decoding=\"async\" src=\"https:\/\/institutoklingelfus.com.br\/wp-content\/uploads\/2016\/08\/150x150.png\" alt=\"Mary Atkinson\"><p class=\"name\">Mary Atkinson<\/p><p class=\"company\">CEO at Biilders<\/p><\/div><div class=\"testimonial-content\"><p class=\"testimonial-headline\">This has been the best project we have worked so far!<\/p><p>Interico company has a really proffessional staff. They kept us informed throughout whole process of building our bedroom house. We got suggestions on what materials to choose, the timeframe and price were.<\/p><\/div><\/div><\/div><\/div><\/div><div class=\"col-md-6\"><div class=\"testimonial image-left testimonial-light\"><div class=\"content-box\"><div class=\"content-box-info\"><div class=\"profile\"><img decoding=\"async\" src=\"https:\/\/institutoklingelfus.com.br\/wp-content\/uploads\/2016\/08\/150x150.png\" alt=\"Josh Sinclair\"><p class=\"name\">Josh Sinclair<\/p><p class=\"company\">Manager<\/p><\/div><div class=\"testimonial-content\"><p class=\"testimonial-headline\">This has been the best project we have worked so far!<\/p><p>interico company has a really proffessional staff. They kept us informed throughout whole process of building our bedroom house. We got suggestions on what materials to choose, the timeframe and price were.<\/p><\/div><\/div><\/div><\/div><\/div><div class=\"col-md-6\"><div class=\"testimonial image-left testimonial-light\"><div class=\"content-box\"><div class=\"content-box-info\"><div class=\"profile\"><img decoding=\"async\" src=\"https:\/\/institutoklingelfus.com.br\/wp-content\/uploads\/2016\/08\/150x150.png\" alt=\"John Stevens\"><p class=\"name\">John Stevens<\/p><p class=\"company\">Manager<\/p><\/div><div class=\"testimonial-content\"><p class=\"testimonial-headline\">This has been the best project we have worked so far!<\/p><p>interico company has a really proffessional staff. They kept us informed throughout the process of building our house. We got suggestions on what materials to choose and the quality met our expectations.<\/p><\/div><\/div><\/div><\/div><\/div><\/div><\/div><div class=\"clear\"><\/div><div class=\"clear\"><\/div><\/div><\/section>[\/vc_column][\/vc_row][vc_row full_width=&#8221;stretch_row&#8221; gap=&#8221;30&#8243; css=&#8221;.vc_custom_1764792677754{background-image: url(http:\/\/institutoklingelfus.com.br\/wp-content\/uploads\/2025\/12\/slide-1-scaled.jpg?id=13647) !important;background-position: center !important;background-repeat: no-repeat !important;background-size: cover !important;}&#8221; el_class=&#8221;spaced&#8221;][vc_column width=&#8221;1\/2&#8243;][\/vc_column][vc_column width=&#8221;1\/2&#8243;][vc_row_inner][vc_column_inner el_class=&#8221;shadow-box animate&#8221;]<span style=\"color:#004d7e\" class=\"subtitle dash-false style-dark text-default\">Fale conosco<\/span><div class=\"dash style-dark default\"><\/div>[vc_column_text css=&#8221;.vc_custom_1745974112368{margin-bottom: 20px !important;}&#8221; el_id=&#8221;contato&#8221;]<\/p>\n<h2><strong><span style=\"color: #004d7e;\">Vamos conversar?<br \/>\n<\/span>Venha fazer uma visita ao nosso consult\u00f3rio:<br \/>\nAv Paulista, 91. Conj. 802.<\/strong><\/h2>\n<p><a href=\"https:\/\/wa.me\/5511991515995\"><br \/>\n<img loading=\"lazy\" decoding=\"async\" class=\"alignnone size-full wp-image-13629\" src=\"http:\/\/institutoklingelfus.com.br\/wp-content\/uploads\/2025\/04\/v2_wpp_botao.png\" alt=\"\" width=\"191\" height=\"52\" \/><\/a>[\/vc_column_text][\/vc_column_inner][\/vc_row_inner][\/vc_column][\/vc_row]<\/p>\n<\/section>","protected":false},"excerpt":{"rendered":"<p>[vc_row full_width=&#8221;stretch_row&#8221; equal_height=&#8221;yes&#8221; content_placement=&#8221;middle&#8221; css=&#8221;.vc_custom_1723688452573{margin-top: 30px !important;padding-bottom: 70px !important;background-image: url(https:\/\/themicart.com\/interico-wpb\/wp-content\/uploads\/2018\/03\/bg.png?id=9170) !important;background-position: 0 0 !important;background-repeat: repeat !important;}&#8221; el_class=&#8221;overlapped&#8221;][vc_column css=&#8221;.vc_custom_1723687564354{margin-top: 0px !important;margin-right: 1px !important;margin-bottom: 0px !important;}&#8221;][vc_column_text] Somos uma cl\u00ednica oftalmol\u00f3gica que une tecnologia, expertise t\u00e9cnica e conex\u00e3o humana. [\/vc_column_text][\/vc_column][\/vc_row][vc_row full_width=&#8221;stretch_row&#8221; css=&#8221;.vc_custom_1536744539590{background: #f5f5f5 url(https:\/\/themicart.com\/interico-wpb\/wp-content\/uploads\/2018\/03\/bg.png?id=9170) !important;background-position: 0 0 !important;background-repeat: repeat !important;}&#8221; el_class=&#8221;spaced&#8221;][vc_column css=&#8221;.vc_custom_1536744548657{padding-top: 0px !important;}&#8221;][vc_row_inner css=&#8221;.vc_custom_1537521392447{margin-top: 60px !important;}&#8221;][vc_column_inner el_class=&#8221;animate&#8221; [&hellip;]<\/p>\n","protected":false},"author":1,"featured_media":0,"parent":0,"menu_order":0,"comment_status":"closed","ping_status":"closed","template":"page-slider.php","meta":{"footnotes":""},"class_list":["post-7788","page","type-page","status-publish","hentry"],"acf":[],"_links":{"self":[{"href":"https:\/\/institutoklingelfus.com.br\/index.php?rest_route=\/wp\/v2\/pages\/7788","targetHints":{"allow":["GET"]}}],"collection":[{"href":"https:\/\/institutoklingelfus.com.br\/index.php?rest_route=\/wp\/v2\/pages"}],"about":[{"href":"https:\/\/institutoklingelfus.com.br\/index.php?rest_route=\/wp\/v2\/types\/page"}],"author":[{"embeddable":true,"href":"https:\/\/institutoklingelfus.com.br\/index.php?rest_route=\/wp\/v2\/users\/1"}],"replies":[{"embeddable":true,"href":"https:\/\/institutoklingelfus.com.br\/index.php?rest_route=%2Fwp%2Fv2%2Fcomments&post=7788"}],"version-history":[{"count":59,"href":"https:\/\/institutoklingelfus.com.br\/index.php?rest_route=\/wp\/v2\/pages\/7788\/revisions"}],"predecessor-version":[{"id":13717,"href":"https:\/\/institutoklingelfus.com.br\/index.php?rest_route=\/wp\/v2\/pages\/7788\/revisions\/13717"}],"wp:attachment":[{"href":"https:\/\/institutoklingelfus.com.br\/index.php?rest_route=%2Fwp%2Fv2%2Fmedia&parent=7788"}],"curies":[{"name":"wp","href":"https:\/\/api.w.org\/{rel}","templated":true}]}}